 - 121?
-2101
In base 9, what is -5 - 143738?
-143744
In base 7, what is -3 + 411544?
411541
In base 3, what is 11100 + -1102122?
-1021022
In base 12, what is 19639 + -5?
19634
In base 7, what is 5 + 6533?
6541
In base 5, what is -1121004 + -110?
-1121114
In base 3, what is -120221121 + 121?
-120221000
In base 6, what is -12 + -20452?
-20504
In base 14, what is b - -b59?
b66
In base 8, what is -30643 + 130?
-30513
In base 15, what is 26e + -15?
259
In base 9, what is -360713 + 2?
-360711
In base 10, what is -35 - -1279?
1244
In base 15, what is 62 - 36?
2b
In base 4, what is -120002312 - -1000?
-120001312
In base 12, what is 532b + 3?
5332
In base 9, what is -242 - 7?
-250
In base 5, what is 3 - -4200440?
4200443
In base 11, what is 7086 - -48?
7123
In base 9, what is 1 + -5242?
-5241
In base 14, what is 682 - 19c?
4c4
In base 14, what is 3505 - 2a?
34b9
In base 9, what is 154732 - 15?
154716
In base 7, what is 64313 - -5?
64321
In base 11, what is 15 - -404?
419
In base 12, what is 1 + 4746?
4747
In base 11, what is -a9 + -47?
-145
In base 14, what is -1738 - -301?
-1437
In base 12, what is -15 + 708b8?
708a3
In base 9, what is 37 + 1277?
1325
In base 2, what is -111100100011110101 + -1?
-111100100011110110
In base 3, what is -11 - 122120010100?
-122120010111
In base 16, what is 76d5 - -5?
76da
In base 12, what is -a + 433a?
4330
In base 9, what is 18410 + 605?
20115
In base 6, what is -1310 - 15131?
-20441
In base 16, what is 92 - -106?
198
In base 3, what is 10011102 - -2020?
10020122
In base 12, what is -125 + 47?
-9a
In base 9, what is 67 + 20166?
20244
In base 2, what is 101100 + 100111010000?
100111111100
In base 2, what is 1110110010 - -110001?
1111100011
In base 12, what is -3766 - 5?
-376b
In base 13, what is -13 + 380?
36a
In base 7, what is -6525132 - -5?
-6525124
In base 4, what is 220301011 - 10?
220301001
In base 13, what is -a263 - 9?
-a26c
In base 2, what is -1100001100000 - 11001?
-1100001111001
In base 8, what is 12714 + -3?
12711
In base 15, what is -8b80 + 4a?
-8b35
In base 13, what is -5598 + -1c?
-55b7
In base 2, what is -11 - -1001100101000100010?
1001100101000011111
In base 13, what is -2 + 11bab?
11ba9
In base 12, what is -19 + -9821?
-983a
In base 15, what is 13b38 + a?
13b43
In base 7, what is 1204 + -1410?
-203
In base 12, what is 5159 + 17?
5174
In base 10, what is -28 + -36373?
-36401
In base 14, what is -5d - 160d?
-166c
In base 2, what is 1010011001 - -10001010?
1100100011
In base 9, what is 1050230 - 3?
1050226
In base 7, what is 4 - -5444030?
5444034
In base 15, what is -5 - -c2b1?
c2ab
In base 9, what is 3080 + 13?
3103
In base 14, what is -5 + 4ba92?
4ba8b
In base 9, what is -3 - 622116?
-622120
In base 9, what is -324204 - 4?
-324208
In base 12, what is -13ba - -1a?
-13a0
In base 9, what is 13 + -24026?
-24013
In base 6, what is 15 - 1335?
-1320
In base 11, what is 5 - a08?
-a03
In base 14, what is 17 - a38c?
-a375
In base 3, what is -10 - 102122222?
-102200002
In base 6, what is -214 + 343?
125
In base 10, what is 4804 + -76?
4728
In base 15, what is -13 + 4360b?
435e8
In base 14, what is -18 - -1db2b?
1db13
In base 10, what is -1694 - 3?
-1697
In base 9, what is -134284 + 0?
-134284
In base 12, what is 5a2 + -30?
572
In base 8, what is -1014 - 31?
-1045
In base 9, what is 433481 - -3?
433484
In base 14, what is -1c09 - -2a?
-1bbd
In base 14, what is 28 + -33b?
-313
In base 15, what is -3 - d52ec?
-d5300
In base 8, what is -75 - -3520?
3423
In base 15, what is -6e - 1a2?
-221
In base 8, what is 1170 + 2?
1172
In base 4, what is 2123211 - -1013?
2130230
In base 13, what is -1292 + 114?
-117b
In base 13, what is -270 - 96c?
-c0c
In base 2, what is 11 - 10100000111100111?
-10100000111100100
In base 7, what is -3 + -300610?
-300613
In base 15, what is 20 + -2d29?
-2d09
In base 14, what is 253 + -443?
-1d0
In base 15, what is -1 + 738b?
738a
In base 10, what is -9 - 1496?
-1505
In base 14, what is 10 - -d681?
d691
In base 8, what is -724 - -46?
-656
In base 16, what is 72d + -4c3?
26a
In base 10, what is 97 - -461?
558
In base 10, what is 43421 - 1?
43420
In base 5, what is -100 - -31021?
30421
In base 4, what is 3133200 + 3?
3133203
In base 7, what is -22665 + 12?
-22653
In base 16, what is 7 - -1d?
24
In base 10, what is 4 + -81986?
-81982
In base 13, what is -3993 + -3?
-3996
In base 12, what is -317b - -a?
-3171
In base 2, what is 11100111001 + 10111011?
11111110100
In base 15, what is a - 5722?
-5717
In base 11, what is 54996 - -14?
549aa
In base 9, what is 8 + 15047?
15056
In base 11, what is -1 + -1829a?
-182a0
In base 6, what is -11 - -12113?
12102
In base 5, what is 100 - 14330?
-14230
In base 8, what is 1 + -101521?
-101520
In base 5, what is 2213 + -2002?
211
In base 13, what is -15b8a + 1?
-15b89
In base 12, what is -3 - -1219b3?
1219b0
In base 5, what is -21 + 331414?
331343
In base 6, what is 21 - -122525?
122550
In base 9, what is 41 - -2731?
2772
In base 3, what is 210022002 - 11?
210021221
In base 15, what is -e2b - 30?
-e5b
In base 6, what is -304503 - 11?
-304514
In base 5, what is 113 - 422?
-304
In base 15, what is -365493 + -4?
-365497
In base 10, what is 0 - 381715?
-381715
In base 4, what is -22311200302 - 3?
-22311200311
In base 3, what is 0 - 1210112121?
-1210112121
In base 12, what is -515b - -45?
-5116
In base 16, what is e74 + -4f?
e25
In base 16, what is -41 + 843?
802
In base 12, what is -1 - b30b6?
-b30b7
In base 6, what is 151430 + -500?
150530
In base 4, what is -1221010 - -133?
-1220211
In base 10, what is 4985 - -7?
4992
In base 13, what is -2b7a9 - -3?
-2b7a6
In base 10, what is -7005 + 1?
-7004
In base 13, what is -15088 - 1?
-15089
In base 4, what is -32332 + -111120?
-210112
In base 11, what is 2951 + 5?
2956
In base 3, what is -21 - 111020101?
-111020122
In base 10, what is -22 - 309?
-331
In base 8, what is -110025 + -1?
-110026
In base 5, what is -304243 + -14?
-304312
In base 6, what is 42024300 - -2?
42024302
In base 4, what is 13300 - -11123?
31023
In base 2, what is 0 - 100000010011?
-100000010011
In base 11, what is 3061 - 25?
3037
In base 5, what is -112440 - 1230?
-114220
In base 11, what is -7a51 - 1?
-7a52
In base 12, what is -3426b + -1?
-34270
In base 5, what is 123231 - 22103?
101123
In base 11, what is -128 - 35a?
-487
In base 6, what is -52 - 41440?
-41532
In base 13, what is -1456 + 12?
-1444
In base 9, what is -1 - -1143314?
1143313
In base 6, what is 14 + 1530013?
1530031
In base 2, what is -1110111001 - 10001011100?
-100000010101
In base 13, what is -b1 + 6?
-a8
In base 14, what is -1992 - -29?
-1967
In base 16, what is -7 + d0638?
d0631
In base 8, what is -15330 - 42?
-15372
In base 15, what is -3c - 16?
-53
In base 8, what is -1453 + 2?
-1451
In base 13, what is 5 - -63918?
63920
In base 9, what is 6227 + -4?
6223
In base 3, what is 2012 + -10012?
-1000
In base 9, what is -13267 - 4?
-13272
In base 4, what is -10 + -113003?
-113013
In base 3, what is 2222212112 - 12?
2222212100
In base 8, what is 44426 - 1?
44425
In base 13, what is 1 - 168?
-167
In base 16, what is -44f + -1d?
-46c
In base 9, what is 300 - 25626?
-25326
In base 3, what is -2 + -20001120?
-20001122
In base 4, what is -211 + 3222?
3011
In base 15, what is 18ec1 + -5?
18ebb
In base 16, what is 1ef + -1363?
-1174
In base 3, what is -2 + 200220212?
200220210
In base 2, what is -11001001 + 11001010110?
10110001101
In base 7, what is 14 - 1453203?
-1453156
In base 3, what is 22102200112 + -11?
22102200101
In base 6, what is 450331 + -450?
445441
In base 7, what is 35 + 241015?
241053
In base 3, what is 210 - -1020212?
1021122
In base 5, what is 1 + 410033?
410034
In base 8, what is 16733 - 15?
16716
In base 10, what is -3 + 71194?
71191
In base 4, what is 11312022303 - -10?
11312022313
In base 15, what is c + -5b4?
-5a7
In base 16, what is -28e00a - -2?
-28e008
In base 2, what is -11100001010110 - -1?
-11100001010101
In base 16, what is 133 + 4c?
17f
In base 8, what is 0 + -60265?
-60265
In base 3, what is 2120 - -122110?
202000
In base 7, what is -2625 - -116?
-2506
In base 10, what is -816 + 36?
-780
In base 9, what is 31781 - 3?
31777
In base 10, what is -5 - 15783?
-15788
In base 15, what is 154 + c2?
226
In base 8, what is 5 + -423664?
-423657
In base 9, what is -4061756 - 4?
-